(o) = -2130*o - 29878. What is a(-14)?
-58
Let y(n) = -2*n**2 + 91*n + 5272. Determine y(-43).
-2339
Let w(v) = 3621*v + 47006. What is w(-13)?
-67
Let g(s) = -2*s**3 + 299*s**2 - 4083*s - 83. Determine g(15).
-803
Let o(w) = -2375*w + 1455877. Give o(613).
2
Let d(f) = 1155*f**2 + 2305*f - 2304. Calculate d(1).
1156
Let p(g) = 2*g**2 + 58*g - 484. Determine p(-46).
1080
Let p(x) = 25*x**3 + 8*x**2 + 39*x + 34. Give p(-1).
-22
Let f(b) = 111589*b - 3570841. What is f(32)?
7
Let i(m) = -m**2 + 192*m + 25. What is i(205)?
-2640
Let l(r) = -3*r**2 + 65744*r + 460360. Give l(-7).
5
Let u(n) = 18*n**2 + 181*n + 473. Give u(-5).
18
Let q(g) = -413*g**2 + 202364*g + 2987. Calculate q(490).
47
Let d(q) = -24*q**2 + 15209*q + 30492. Determine d(-2).
-22
Let q(o) = 106851*o - 320545. What is q(3)?
8
Let h(p) = -2*p**2 + 1426*p + 20360. Calculate h(-14).
4
Let y(v) = -80*v + 8688. Give y(69).
3168
Let l(x) = 2621*x - 7863. Give l(3).
0
Let n(r) = -1394*r + 15263. Give n(11).
-71
Let d(l) = 8984*l + 179755. Give d(-20).
75
Let i(d) = 294*d - 107309. Determine i(365).
1
Let b(s) = -86118*s - 9989684. What is b(-116)?
4
Let x(a) = 7900*a + 718918. What is x(-91)?
18
Let w(v) = -v**3 + 248*v**2 + 5850*v - 1984. What is w(-22)?
-4
Let s(d) = 8461*d - 373. Give s(0).
-373
Let i(p) = p**2 - 15486*p + 9473019. Calculate i(638).
-5
Let f(d) = -26328*d - 315972. Calculate f(-12).
-36
Let o(n) = 647*n**2 - 1346*n + 4. What is o(2)?
-100
Let w(z) = 105*z**2 + 902*z + 18. What is w(-8)?
-478
Let s(i) = 75*i**2 - 54*i + 15. Give s(2).
207
Let d(w) = -402*w - 8070. Calculate d(-19).
-432
Let a(r) = 2*r**2 + 42*r - 5530. Calculate a(45).
410
Let u(a) = -a**3 - 46*a**2 + 10591*a - 130354. Determine u(-133).
-14
Let t(y) = 364*y + 2084. What is t(-5)?
264
Let d(q) = -7*q**3 - 122*q**2 + 81*q - 29. Determine d(-18).
-191
Let t(y) = 23808*y - 122490. Give t(5).
-3450
Let h(f) = -3005*f - 138199. Give h(-46).
31
Let d(l) = 3*l**2 + 51*l - 3382. Determine d(-43).
-28
Let m(r) = r**2 + 360*r - 1378. Calculate m(4).
78
Let k(v) = -74*v - 945. Give k(4).
-1241
Let m(y) = 971*y**2 - 32050*y. Determine m(33).
-231
Let b(u) = -28*u**2 + 945*u - 442. Calculate b(34).
-680
Let t(q) = q**2 - 255*q + 354. What is t(0)?
354
Let u(q) = -1912*q + 126247. What is u(66)?
55
Let b(a) = a - 300. Give b(-125).
-425
Let j(c) = -10*c**3 - 319*c**2 + 103*c + 2197. Calculate j(-32).
-75
Let s(k) = -k**2 - 340*k + 179030. What is s(286)?
-6
Let w(c) = 3*c**2 + 538*c - 7072. Give w(-192).
224
Let l(i) = -15*i**3 - 56*i**2 + 359*i + 97. What is l(-7)?
-15
Let k(y) = -2612*y - 8800. Give k(-3).
-964
Let u(d) = 53457*d - 53447. What is u(1)?
10
Let m(s) = 89*s**2 + 44503*s + 44503. Give m(-1).
89
Let u(x) = -18*x**2 - 467*x - 454. Calculate u(-25).
-29
Let s(x) = -1565*x - 53214. Calculate s(-34).
-4
Let c(j) = -2*j**2 + 1409*j + 47149. Calculate c(-32).
13
Let s(d) = -276*d + 65840. What is s(240)?
-400
Let s(i) = -637697*i + 6. What is s(0)?
6
Let a(r) = -5071*r - 70551. Calculate a(-14).
443
Let c(r) = r**2 - 15903*r + 729415. Determine c(46).
-7
Let b(n) = n**2 + 879*n - 15211. Determine b(17).
21
Let g(w) = 576*w + 15722. What is g(-27)?
170
Let h(m) = 287*m - 60844. Determine h(212).
0
Let d(j) = 854*j - 164815. Give d(193).
7
Let v(d) = 61*d**2 - 21958*d - 43925. Determine v(-2).
235
Let c(w) = -241575*w - 966334. Give c(-4).
-34
Let g(m) = -5444*m - 560739. Determine g(-103).
-7
Let h(v) = -7*v**2 + 366*v - 3120. What is h(11)?
59
Let y(z) = z**2 - 1318*z + 2569. Give y(2).
-63
Let w(c) = -10*c**2 + 260406*c + 260404. What is w(-1)?
-12
Let j(t) = -42*t**2 - 1287*t + 19252. Calculate j(11).
13
Let p(n) = n**2 + 2058*n + 1049085. Give p(-930).
45
Let k(n) = -4393*n + 540482. Determine k(123).
143
Let k(l) = l**2 - 3569*l - 351799. Give k(-96).
41
Let q(t) = 3*t**3 - 182*t**2 + 1207*t + 649. Calculate q(53).
13
Let a(z) = -35*z**2 + 2074*z - 2504. What is a(58)?
48
Let j(n) = 13*n**3 - 11*n**2 - 553*n + 1112. Determine j(2).
66
Let c(o) = o**2 - 1534*o - 312299. What is c(-182)?
13
Let a(y) = -y**2 - 71*y + 656. Calculate a(-97).
-1866
Let k(y) = -30262*y**2 + 211834*y + 6. Determine k(7).
6
Let f(w) = -w**2 + 373*w - 21369. Give f(302).
73
Let z(n) = n**3 - 47*n**2 - 49*n + 505. Give z(48).
457
Let f(i) = -69*i**2 - 1839*i + 658. Calculate f(-27).
10
Let t(x) = -x**2 - 11963*x - 298494. Determine t(-25).
-44
Let v(s) = -301*s - 893. What is v(-4)?
311
Let a(y) = -5*y - 612. Determine a(-12).
-552
Let d(q) = -11465*q + 160376. Calculate d(14).
-134
Let g(s) = -s**2 + 128*s - 4207. Determine g(57).
-160
Let i(a) = -207*a - 15481. What is i(-76)?
251
Let h(q) = q**3 + 1383*q**2 - 135835*q + 12426. What is h(92)?
6
Let r(y) = 297706*y - 595414. Give r(2).
-2
Let z(v) = 5*v**2 + 118*v + 229. Give z(-22).
53
Let g(y) = -3*y**3 - 6992*y**2 + 13991*y + 9. Calculate g(2).
-1
Let z(o) = -o**3 + 26*o**2 - 129*o - 35. Calculate z(8).
85
Let s(k) = -8*k**2 + 2680*k - 10726. What is s(4)?
-134
Let o(q) = 3*q**2 - 3600*q + 39324. What is o(11)?
87
Let u(s) = -98276*s - 491398. What is u(-5)?
-18
Let p(a) = -394*a - 47325. What is p(-120)?
-45
Let g(c) = -c**2 + 336*c + 55930. What is g(-120)?
1210
Let a(h) = 390*h + 85586. Give a(-221).
-604
Let c(t) = -t**3 - 19*t**2 + 785*t + 15665. Calculate c(-26).
-13
Let x(u) = 229*u + 12166. Calculate x(-48).
1174
Let i(j) = 4*j**2 + 81*j - 2417. Calculate i(-53).
4526
Let k(f) = 10621*f + 2740255. Calculate k(-258).
37
Let k(h) = -h**2 + 3268159*h + 11. Give k(0).
11
Let d(g) = -8*g**2 + 1895*g - 1882. Determine d(1).
5
Let u(t) = -15803*t + 7948923. Determine u(503).
14
Let f(v) = -1031*v - 35099. Calculate f(-34).
-45
Let z(u) = 3*u**3 + 449*u**2 + 16795*u - 94. What is z(-76)?
-18
Let a(n) = n**3 + 66*n**2 + 84*n + 1325. Give a(-65).
90
Let d(y) = -y**2 - 226*y + 3453. Calculate d(15).
-162
Let t(y) = -5*y**2 - 163*y + 1918. Calculate t(13).
-1046
Let r(k) = -9718*k + 2565692. Determine r(264).
140
Let v(r) = -r**3 - 22*r**2 - 9*r + 58. What is v(-23)?
794
Let p(n) = 20124*n - 60404. Give p(3).
-32
Let o(d) = 16217*d - 64869. Give o(4).
-1
Let j(z) = z**3 + 131*z**2 + 1634*z - 266. Give j(-117).
202
Let j(s) = s**2 - 3188*s + 371154. What is j(121)?
47
Let k(p) = 2*p**3 + 31*p**2 - 516*p - 8051. What is k(-15)?
-86
Let z(b) = -22*b**2 + 139*b + 940. Determine z(-4).
32
Let o(q) = -q**2 - 73*q - 1074. Calculate o(-24).
102
Let q(c) = 13*c**2 - 103*c - 3098. Calculate q(-12).
10
Let w(o) = 244*o - 1461. What is w(6)?
3
Let h(q) = 5*q**3 - 1473*q**2 - 578*q - 3541. Calculate h(295).
-1
Let k(c) = 2425*c - 121227. What is k(50)?
23
Let s(z) = -2*z**3 - 25*z**2 - 110*z + 43. Determine s(-8).
347
Let p(b) = 428*b**2 + 53049*b - 2869. Give p(-124).
-17
Let v(m) = 358*m + 4662. Calculate v(-13).
8
Let u(n) = 2*n**3 + 25*n**2 - 283*n + 851. Give u(4).
247
Let p(i) = 2*i**3 - 110*i**2 - 464*i + 31. What is p(59)?
503
Let l(c) = 4*c**2 - 226*c + 2981. Determine l(14).
601
Let y(c) = 6*c**3 - 941*c**2 - 321*c + 25728. Calculate y(157).
-20
Let i(m) = -97*m**2 + 2948*m + 1830. Determine i(31).
1
Let t(l) = 4886*l - 117219. Determine t(24).
45
Let a(v) = -3*v**2 - 49*v + 41. Give a(-16).
57
Let a(d) = 223*d**2 - 1560*d + 1328. Determine a(6).
-4
Let b(y) = -y**3 - 17*y**2 - 12*y - 54. Determine b(-17).
150
Let z(m) = -m**3 + 87*m**2 - 104*m + 1241. Give z(86).
-307
Let j(d) = -14857*d + 29704. What is j(2)?
-10
Let n(i) = 3*i**3 + 357*i**2 + 2001*i + 71412. Calculate n(-115).
-3
Let r(u) = -490*u + 6049. Determine r(12).
169
Let u(j) = j**3 + 2*j**2 - 64*j - 760. Determine u(-10).
-920
Let s(f) = -f**3 + 6*f**2 - 219043*f + 1533349. Give s(7).
-1
Let u(v) = -4*v**3 + 576*v**2 - 29*v + 1878. Give u(144).
-2298
Let f(b) = -8*b**2 - 229*b + 2859. What is f(-38)?
9
Let g(q) = -10*q**2 - 3711*q - 308950. Calculate g(-245).
-5
Let j(d) = 14*d**3 + 594*d**2 + 243*d - 369. Determine j(-42).
9
Let x(o) = -2*o**3 + 127*o**2 - 197*o + 526. What is x(62)?
-156
Let d(r) = -r**3 - 23*r**2 - 431*r - 8494. Determine d(-22).
504
Let h(y) = 3*y**2 + 280991*y + 1123907. Give h(-4).
-9
Let j(o) = o**2 + 5773*o + 46166. What is j(-8)?
46
Let l(y) = 7*y**2 - 29*y + 73. Calculate l(7).
213
Let g(t) = -4*t**3 + 72*t**2 - 12*t + 374. What is g(18)?
158
Let j(z) = -z**3 + 18*z**2 + 976*z - 16889. Cal